-3)/24). Suppose 16*o = -98 + i. What is the hundreds digit of o/15 - (3 - (-822)/(-5))?
1
Suppose -41 = -i - 50. Let u(q) = -q**2 - 7*q + 17. Let l be u(i). What is the units digit of 34 - 6/(-3 - l)?
7
Suppose 2*a - 5*a + 8 = s, -2*a + 12 = 4*s. What is the units digit of a/10*(-23 - -7828)?
1
Let f(a) = -4*a**2 + 87 + 2*a**2 + a**2 - 2*a**2 + 41*a + 39*a. What is the tens digit of f(25)?
1
Suppose 0 = -4*n + 2404 - 768. Suppose 4*o - o + 4*y = n, -3*o = 2*y - 419. What is the hundreds digit of o?
1
Let j(n) = 13*n + 77 + 122 + 89 - 87. What is the tens digit of j(17)?
2
What is the thousands digit of (800/(-48))/50 + (-253592)/(-6)?
2
Suppose 3*d = j - 20395, 83*j - 2*d = 82*j + 20387. What is the units digit of j?
1
Let b = -226 + 316. Suppose 4*u + 3*d - b = 3619, 0 = u - 5*d - 910. What is the tens digit of u?
2
Suppose 2*l - n = 5*l - 50, -n = -4*l + 76. Suppose 0 = -s + l + 20. Suppose 33*y = s*y - 935. What is the units digit of y?
7
Suppose 4*s = 3*l - 81248 + 12002, 5*s = 2*l - 46157. What is the ten thousands digit of l?
2
Suppose 0 = 4*h - 27 - 5. What is the tens digit of h/28 - 28432/(-56)?
0
What is the units digit of -2 - 344/6*21/(-14)?
4
Suppose 7*n + 84 = 546. What is the hundreds digit of (-6)/((n/144)/(-11))?
1
What is the hundreds digit of (-3622)/(-1) + (-126)/14?
6
Suppose -4*i = 3*c - 79840, i + 38*c - 41*c = 19990. What is the hundreds digit of i?
9
What is the tens digit of 514095/240 - 6/96?
4
Suppose 5*s - 3*s = -34. Let c = 698 - 621. Let y = s + c. What is the units digit of y?
0
Let s(u) be the second derivative of -u**3/3 + 5*u**2/2 - 24*u. Let w be s(0). What is the units digit of 9/1 + w/5?
0
Let a = -664 - -752. Suppose a*l - 108*l = -17280. What is the tens digit of l?
6
What is the ten thousands digit of (-5 - 339/(-69)) + ((-4978015)/(-115) - -2)?
4
Suppose 5*c - 10850 = -5*r, 2*c - 4*r - 4328 = -2*r. Suppose -7*v + c = 151. What is the tens digit of v?
8
What is the ten thousands digit of 39 + (-3987486)/(-357) + 1/(14/8)?
1
Let o(b) = 656*b**2 + 77*b + 412. What is the hundreds digit of o(-8)?
7
Suppose 5*v = 2*x - 6, -8*v + 7*v - 18 = 2*x. Let s(w) = 4 - 18*w - 3 + 0*w. What is the units digit of s(x)?
7
Let d = 14790 + -10416. What is the units digit of d?
4
Let v = 50943 + 7685. What is the units digit of v?
8
Let j = -30 - -30. Suppose 5*c - 2*b = -0*b + 37, -2*c + 5*b + 19 = j. Suppose -c*x = -238 - 105. What is the units digit of x?
9
Let a(p) = 116*p**3 + 4*p**2 + 26*p - 112. What is the hundreds digit of a(4)?
4
Let s be 42/12 + 10/4 + -1. Suppose -s*q + 170 + 280 = 0. What is the units digit of 15/q + (-329)/(-6)?
5
Suppose -44*i + 49*i - 54796 = -3*b, -3*i + 237468 = 13*b. What is the tens digit of b?
6
Let t = -1994 + 3622. Suppose 6*x = 10*x - t. What is the hundreds digit of x?
4
Suppose 49*k - 7116826 = -43*k + 756074. What is the tens digit of k?
7
Suppose 6*l = 4 - 82. Let d(i) = i**2 + 12*i - 18. Let r be d(l). What is the tens digit of 4 + (-350)/r + 2?
7
Let h(q) = 2*q**2 + 116*q + 732. What is the units digit of h(-69)?
0
Let f(l) = -l**2 - 7*l + 17. Let b(o) = o**2 - 13*o + 21. Let y be b(10). Let j be f(y). What is the tens digit of 4/(j - (-29)/28)?
1
Let d(c) = 1182*c + 406. What is the hundreds digit of d(4)?
1
Suppose -10*g = 7*g - 2329. Let i = g + -28. What is the units digit of i?
9
Let p(d) = 267*d + 431. What is the units digit of p(32)?
5
Let m(w) = 6*w**3 - 9*w**2 + 18*w - 5. Let i be m(4). Suppose -501 = -z + i. What is the units digit of z?
8
Let l(j) = 154*j**2 - 63*j - 494. What is the units digit of l(-6)?
8
Let c(y) = -184*y + 6254. What is the hundreds digit of c(-96)?
9
Let h be ((-3)/4)/(1/80). Let c(q) = q**3 - 15*q**2 + 3*q - 62. Let p be c(15). Let m = p - h. What is the tens digit of m?
4
Let q = -97 - -103. What is the hundreds digit of (4941/q - -2) + (-78)/(-52)?
8
Let q = 19 + -25. Let p be 1 - q/3 - -16. Suppose -4*k - 4*o + 52 = 0, -k + 2*o = -0*k - p. What is the units digit of k?
5
Let z = -693 + 697. Suppose 12*i - 8*i - 740 = 0. Suppose -z*n + 131 = -i. What is the units digit of n?
9
Suppose -3*i = 4*r - 4079, -31*r + i + 2037 = -29*r. What is the tens digit of r?
1
Let q(n) = n**3 - 9*n**2 + 8*n + 5. Let v be q(8). Suppose 6*z = v*z. Suppose z = u - 5*k - 96, 8*u = 5*u - 2*k + 271. What is the tens digit of u?
9
Suppose 4*h = -r - 208, 5*h + 0*h = 5*r - 260. Let f = -82 - h. Let t = f + 89. What is the units digit of t?
9
Suppose 231*v - 228*v - 40178 = i, -5*v - i = -66966. What is the hundreds digit of v?
3
Let a(f) = 283*f**2 - 195*f + 40. What is the thousands digit of a(6)?
9
Suppose -26766 = -4*h - p + 38807, -3*h + 49181 = 2*p. What is the hundreds digit of h?
3
Suppose -309 + 21 = 3*x. Let d = -60 - x. Suppose -s + 19 = -d. What is the units digit of s?
5
Suppose -2*r + 9778 = 44*c - 42*c, -5*r = 0. What is the tens digit of c?
8
Suppose -23*t + 5*t = -468. Suppose 82*w = t*w + 30576. What is the tens digit of w?
4
Let h(k) be the first derivative of -k**5/20 + 31*k**4/24 - k**3/2 - 5*k**2 + 19. Let g(z) be the second derivative of h(z). What is the units digit of g(9)?
3
Let t = 2662 + 2931. What is the units digit of t?
3
What is the thousands digit of (1659/(-14))/((-3)/126)?
4
What is the units digit of ((-34818)/5)/(16/(-40)) - -3?
2
Let z = 1780 + -636. What is the units digit of z?
4
Let i(t) = 2*t**2 - t. Let n be i(-2). Suppose 0 = 5*q - 4*z - 1630 - 1546, 0 = -q - 5*z + 641. Suppose 4*o = n*o - q. What is the tens digit of o?
0
Suppose -12*q + 146 = -24742. What is the thousands digit of q?
2
Suppose d = -3*k + k + 311, 4*k - 1549 = -5*d. Let h be -2 + -1 + d + -3 - 3. Suppose 4*r - c - h = 3*c, -5*r - 5*c = -425. What is the tens digit of r?
8
Suppose -1 = d - 9*u + 8*u, -1 = -4*d + 5*u. Let k(v) = 4*v**2 + 5*v - 6. What is the hundreds digit of k(d)?
1
Suppose y + 3*f = -f + 3, 4*y + 4*f - 12 = 0. Let p be (-4 + y + -4)*-2. Let o(d) = -d**2 + 15*d - 32. What is the tens digit of o(p)?
1
Let m be 1 + -2 + (-3 + 5)/2. Let r be (2 - m)/6 - (-5550)/(-45). Let n = r - -205. What is the tens digit of n?
8
Suppose -1848 = -3*z - z. Let n = 636 + -955. Let s = z + n. What is the units digit of s?
3
Suppose -5*v = -8*v - 8*v. Suppose v*l = 4*l - 16. What is the tens digit of 795/24 - l/32?
3
Let x = 622 + -594. Suppose 31*a + 4*i = x*a + 655, 0 = 4*a + 4*i - 872. What is the tens digit of a?
1
What is the hundreds digit of (34/(-9))/(-17) - (-86576)/18?
8
Let c(j) = -8*j + j - 9 - 33 + 40*j**2 - 38*j**2. What is the units digit of c(11)?
3
Let g(j) = 127*j**2 - j - 2. Let d be g(-1). Suppose 8*x + x + d = 0. What is the units digit of x/(-35) + (-1546)/(-10)?
5
Let k be ((312/(-9))/(-8))/(2/252). Let y = -373 + k. What is the hundreds digit of y?
1
Suppose -3*b - 239 = 160. Let q(a) = -a**3 + a**2 + 2*a + 3. Let y be q(3). Let l = y - b. What is the units digit of l?
4
Let u(q) = 3*q**2 + 13*q + 7. Let h be u(-5). Suppose 0 = -2*b + h + 45. Suppose 0 = -30*g + b*g - 4. What is the units digit of g?
4
What is the units digit of 77*(12 + (-12672)/(-56))?
8
Let m = 33341 + -15503. What is the units digit of m?
8
Let i(z) = -z**2 + 9*z - 7. Let x be i(6). Let g(m) be the third derivative of 5*m**4/8 - 5*m**3 - m**2 - 560*m. What is the units digit of g(x)?
5
Suppose -5*c = -9*r - 16965, 2*r + 9 = -1. What is the hundreds digit of c?
3
Suppose k + 2*o + 0*o = -1, -5*o = -2*k + 16. Suppose 0 = -k*t + 222 + 231. What is the hundreds digit of t?
1
Suppose 10*x - 13*x = -204. Let r = x - 65. Suppose -3*d = t - 34, 5*t + 5*d - r*d = 105. What is the units digit of t?
9
Let v = -8956 + 8984. Suppose -z = -4*z - 6. What is the units digit of -4 + 5 + z + v?
7
Suppose -5*a - 5*h + 36765 = 0, -22051 = a - 4*a + 5*h. What is the units digit of a?
2
Suppose 20901 = r - t, 11 - 29 = 3*t. What is the ten thousands digit of r?
2
Suppose -k - 2*k = 219. Let w = k + 35. Let z = -31 - w. What is the units digit of z?
7
Let n(y) = -3*y**2 - 20*y + 10. Let m be n(-7). Let j(h) = 10*h - 17. What is the units digit of j(m)?
3
Let y be 14/56 + 30/8. Let n = 61 - 56. Suppose 111 = -3*b + 6*b + y*z, -3*b = n*z - 114. What is the tens digit of b?
3
Let p = -202 + 287. Let f = -73 + p. What is the units digit of f?
2
Let j(f) = 637*f**2 + 3*f - 1. Let r be j(1